{"id":175,"date":"2019-06-17T14:42:34","date_gmt":"2019-06-17T14:42:34","guid":{"rendered":"https:\/\/zoellerpartner.de\/?page_id=175"},"modified":"2019-06-17T15:08:20","modified_gmt":"2019-06-17T15:08:20","slug":"lueftung","status":"publish","type":"page","link":"https:\/\/zoellerpartner.de\/?page_id=175","title":{"rendered":"L\u00fcftung"},"content":{"rendered":"\t\t<div data-elementor-type=\"wp-post\" data-elementor-id=\"175\" class=\"elementor elementor-175\">\n\t\t\t\t\t\t<div class=\"elementor-inner\">\n\t\t\t\t<div class=\"elementor-section-wrap\">\n\t\t\t\t\t\t\t\t\t<section class=\"elementor-section elementor-top-section elementor-element elementor-element-7e52ffa elementor-section-boxed elementor-section-height-default elementor-section-height-default\" data-id=\"7e52ffa\" data-element_type=\"section\">\n\t\t\t\t\t\t<div class=\"elementor-container elementor-column-gap-default\">\n\t\t\t\t\t\t\t<div class=\"elementor-row\">\n\t\t\t\t\t<div class=\"elementor-column elementor-col-100 elementor-top-column elementor-element elementor-element-f899dd6\" data-id=\"f899dd6\" data-element_type=\"column\">\n\t\t\t<div class=\"elementor-column-wrap elementor-element-populated\">\n\t\t\t\t\t\t\t<div class=\"elementor-widget-wrap\">\n\t\t\t\t\t\t<div class=\"elementor-element elementor-element-d82a236 elementor-widget elementor-widget-heading\" data-id=\"d82a236\" data-element_type=\"widget\" data-widget_type=\"heading.default\">\n\t\t\t\t<div class=\"elementor-widget-container\">\n\t\t\t<h4 class=\"elementor-heading-title elementor-size-default\">Kontrollierte Wohnungsfl\u00fcftung<\/h4>\t\t<\/div>\n\t\t\t\t<\/div>\n\t\t\t\t\t\t<\/div>\n\t\t\t\t\t<\/div>\n\t\t<\/div>\n\t\t\t\t\t\t\t\t<\/div>\n\t\t\t\t\t<\/div>\n\t\t<\/section>\n\t\t\t\t<section class=\"elementor-section elementor-top-section elementor-element elementor-element-72a8fb0 elementor-section-boxed elementor-section-height-default elementor-section-height-default\" data-id=\"72a8fb0\" data-element_type=\"section\">\n\t\t\t\t\t\t<div class=\"elementor-container elementor-column-gap-default\">\n\t\t\t\t\t\t\t<div class=\"elementor-row\">\n\t\t\t\t\t<div class=\"elementor-column elementor-col-50 elementor-top-column elementor-element elementor-element-8810816\" data-id=\"8810816\" data-element_type=\"column\">\n\t\t\t<div class=\"elementor-column-wrap elementor-element-populated\">\n\t\t\t\t\t\t\t<div class=\"elementor-widget-wrap\">\n\t\t\t\t\t\t<div class=\"elementor-element elementor-element-48eb6a4 elementor-widget elementor-widget-text-editor\" data-id=\"48eb6a4\" data-element_type=\"widget\" data-widget_type=\"text-editor.default\">\n\t\t\t\t<div class=\"elementor-widget-container\">\n\t\t\t\t\t\t\t\t<div class=\"elementor-text-editor elementor-clearfix\">\n\t\t\t\tVor der W\u00e4rmeschutzverordnung von 1995 war Wohnungsl\u00fcftung kein Thema. Die Luft konnte gen\u00fcgend zirkulieren durch Fugen und Schlitze, die jedes Haus hatte. Innerhalb des Geb\u00e4udes hatte man allerdings auch keinen Einflu\u00df auf die L\u00fcftungsdauer und die unkontrollierte und passive L\u00fcftung. Die Heizungsw\u00e4rme ging unkontrolliert verloren und die Kosten in die H\u00f6he.\n \nGeruchsstoffe und Kohlendioxid beeintr\u00e4chtigen ganz erheblich die Luftqualit\u00e4t unserer heutigen Wohnr\u00e4ume. Zu hohe Luftfeuchtigkeit kann zudem Bausch\u00e4den verursachen. Niedrigenergieh\u00e4user sind sehr gut w\u00e4rmeged\u00e4mmt, Fenster und T\u00fcren schlie\u00dfen besonders dicht. Der f\u00fcr die Gesundheit und Behaglichkeit, aber auch zur Vermeidung von Bausch\u00e4den wichtige nat\u00fcrliche Luftwechsel ist damit nicht gegeben. \t\t\t\t\t<\/div>\n\t\t\t\t\t\t<\/div>\n\t\t\t\t<\/div>\n\t\t\t\t\t\t<\/div>\n\t\t\t\t\t<\/div>\n\t\t<\/div>\n\t\t\t\t<div class=\"elementor-column elementor-col-50 elementor-top-column elementor-element elementor-element-8afaf4c\" data-id=\"8afaf4c\" data-element_type=\"column\">\n\t\t\t<div class=\"elementor-column-wrap elementor-element-populated\">\n\t\t\t\t\t\t\t<div class=\"elementor-widget-wrap\">\n\t\t\t\t\t\t<div class=\"elementor-element elementor-element-c3c907c elementor-widget elementor-widget-text-editor\" data-id=\"c3c907c\" data-element_type=\"widget\" data-widget_type=\"text-editor.default\">\n\t\t\t\t<div class=\"elementor-widget-container\">\n\t\t\t\t\t\t\t\t<div class=\"elementor-text-editor elementor-clearfix\">\n\t\t\t\tDie bisher praktizierte L\u00fcftung durch \u00d6ffnung der Fenster ist kaum kontrollierbar und auch nicht mehr zeitgem\u00e4\u00df. Es wird Heizw\u00e4rmeenergie verschwendet und damit der angestrebten Energieeinsparung entgegengewirkt.\n\nDie Wohnungsl\u00fcftung ist eine zeitgem\u00e4\u00dfe Erg\u00e4nzung der Warmwasser-Heizung. Sie erm\u00f6glicht es, den aus hygienischen und bauphysikalischen Gesichtspunkten erforderlichen Luftwechsel bei &#8222;dichten&#8220; Geb\u00e4uden und geschlossenen Fenstern sicherzustellen und dabei gleichzeitig die W\u00e4rmeverluste durch die Abluft zu reduzieren.\t\t\t\t\t<\/div>\n\t\t\t\t\t\t<\/div>\n\t\t\t\t<\/div>\n\t\t\t\t\t\t<\/div>\n\t\t\t\t\t<\/div>\n\t\t<\/div>\n\t\t\t\t\t\t\t\t<\/div>\n\t\t\t\t\t<\/div>\n\t\t<\/section>\n\t\t\t\t<section class=\"elementor-section elementor-top-section elementor-element elementor-element-631d776 elementor-section-boxed elementor-section-height-default elementor-section-height-default\" data-id=\"631d776\" data-element_type=\"section\">\n\t\t\t\t\t\t<div class=\"elementor-container elementor-column-gap-default\">\n\t\t\t\t\t\t\t<div class=\"elementor-row\">\n\t\t\t\t\t<div class=\"elementor-column elementor-col-100 elementor-top-column elementor-element elementor-element-982a616\" data-id=\"982a616\" data-element_type=\"column\">\n\t\t\t<div class=\"elementor-column-wrap elementor-element-populated\">\n\t\t\t\t\t\t\t<div class=\"elementor-widget-wrap\">\n\t\t\t\t\t\t<div class=\"elementor-element elementor-element-14177b1 elementor-widget-divider--view-line elementor-widget elementor-widget-divider\" data-id=\"14177b1\" data-element_type=\"widget\" data-widget_type=\"divider.default\">\n\t\t\t\t<div class=\"elementor-widget-container\">\n\t\t\t\t\t<div class=\"elementor-divider\">\n\t\t\t<span class=\"elementor-divider-separator\">\n\t\t\t\t\t\t<\/span>\n\t\t<\/div>\n\t\t\t\t<\/div>\n\t\t\t\t<\/div>\n\t\t\t\t\t\t<\/div>\n\t\t\t\t\t<\/div>\n\t\t<\/div>\n\t\t\t\t\t\t\t\t<\/div>\n\t\t\t\t\t<\/div>\n\t\t<\/section>\n\t\t\t\t<section class=\"elementor-section elementor-top-section elementor-element elementor-element-56e3e40 elementor-section-boxed elementor-section-height-default elementor-section-height-default\" data-id=\"56e3e40\" data-element_type=\"section\">\n\t\t\t\t\t\t<div class=\"elementor-container elementor-column-gap-default\">\n\t\t\t\t\t\t\t<div class=\"elementor-row\">\n\t\t\t\t\t<div class=\"elementor-column elementor-col-100 elementor-top-column elementor-element elementor-element-e4ac077\" data-id=\"e4ac077\" data-element_type=\"column\">\n\t\t\t<div class=\"elementor-column-wrap elementor-element-populated\">\n\t\t\t\t\t\t\t<div class=\"elementor-widget-wrap\">\n\t\t\t\t\t\t<div class=\"elementor-element elementor-element-24bcdbf elementor-widget elementor-widget-heading\" data-id=\"24bcdbf\" data-element_type=\"widget\" data-widget_type=\"heading.default\">\n\t\t\t\t<div class=\"elementor-widget-container\">\n\t\t\t<h4 class=\"elementor-heading-title elementor-size-default\">Luft ist Leben<\/h4>\t\t<\/div>\n\t\t\t\t<\/div>\n\t\t\t\t\t\t<\/div>\n\t\t\t\t\t<\/div>\n\t\t<\/div>\n\t\t\t\t\t\t\t\t<\/div>\n\t\t\t\t\t<\/div>\n\t\t<\/section>\n\t\t\t\t<section class=\"elementor-section elementor-top-section elementor-element elementor-element-be8795c elementor-section-boxed elementor-section-height-default elementor-section-height-default\" data-id=\"be8795c\" data-element_type=\"section\">\n\t\t\t\t\t\t<div class=\"elementor-container elementor-column-gap-default\">\n\t\t\t\t\t\t\t<div class=\"elementor-row\">\n\t\t\t\t\t<div class=\"elementor-column elementor-col-100 elementor-top-column elementor-element elementor-element-3e292df\" data-id=\"3e292df\" data-element_type=\"column\">\n\t\t\t<div class=\"elementor-column-wrap elementor-element-populated\">\n\t\t\t\t\t\t\t<div class=\"elementor-widget-wrap\">\n\t\t\t\t\t\t<div class=\"elementor-element elementor-element-1f2a0f7 elementor-widget elementor-widget-text-editor\" data-id=\"1f2a0f7\" data-element_type=\"widget\" data-widget_type=\"text-editor.default\">\n\t\t\t\t<div class=\"elementor-widget-container\">\n\t\t\t\t\t\t\t\t<div class=\"elementor-text-editor elementor-clearfix\">\n\t\t\t\tDa wir \u00fcber 60% unseres Lebens in geschlossenen R\u00e4umen verbringen ist frische\nund unverbrauchte Luft eine Grundvoraussetzung f\u00fcr ein gesundes und angenehmes Leben.\nRaumlufthygiene\nBei verbrauchter Luft atmet der Mensch unbewusst weniger.\nDas sinkende Atemvolumen und die schlechte Sauerstoffversorgung\nf\u00fchren zu verringerter Leistungsf\u00e4higkeit und zur Schw\u00e4chung des\nImmunsystem.\nIn der kalten Winterzeit ist die Raumluftfeuchte meist zu niedrig.\nAustrocknungserscheinungen im Bereich der Atemwege und Schleimh\u00e4ute sind die Folge.<br>\n\nOhne konsequentes L\u00fcften bleibt alle Feuchtigkeit im Haus und kann schnell Schimmel verursachen.<br>\t\t\t\t\t<\/div>\n\t\t\t\t\t\t<\/div>\n\t\t\t\t<\/div>\n\t\t\t\t\t\t<\/div>\n\t\t\t\t\t<\/div>\n\t\t<\/div>\n\t\t\t\t\t\t\t\t<\/div>\n\t\t\t\t\t<\/div>\n\t\t<\/section>\n\t\t\t\t<section class=\"elementor-section elementor-top-section elementor-element elementor-element-5e54930 elementor-section-boxed elementor-section-height-default elementor-section-height-default\" data-id=\"5e54930\" data-element_type=\"section\">\n\t\t\t\t\t\t<div class=\"elementor-container elementor-column-gap-default\">\n\t\t\t\t\t\t\t<div class=\"elementor-row\">\n\t\t\t\t\t<div class=\"elementor-column elementor-col-100 elementor-top-column elementor-element elementor-element-526c23f\" data-id=\"526c23f\" data-element_type=\"column\">\n\t\t\t<div class=\"elementor-column-wrap elementor-element-populated\">\n\t\t\t\t\t\t\t<div class=\"elementor-widget-wrap\">\n\t\t\t\t\t\t<div class=\"elementor-element elementor-element-0b63f46 elementor-widget-divider--view-line elementor-widget elementor-widget-divider\" data-id=\"0b63f46\" data-element_type=\"widget\" data-widget_type=\"divider.default\">\n\t\t\t\t<div class=\"elementor-widget-container\">\n\t\t\t\t\t<div class=\"elementor-divider\">\n\t\t\t<span class=\"elementor-divider-separator\">\n\t\t\t\t\t\t<\/span>\n\t\t<\/div>\n\t\t\t\t<\/div>\n\t\t\t\t<\/div>\n\t\t\t\t\t\t<\/div>\n\t\t\t\t\t<\/div>\n\t\t<\/div>\n\t\t\t\t\t\t\t\t<\/div>\n\t\t\t\t\t<\/div>\n\t\t<\/section>\n\t\t\t\t<section class=\"elementor-section elementor-top-section elementor-element elementor-element-5328608 elementor-section-boxed elementor-section-height-default elementor-section-height-default\" data-id=\"5328608\" data-element_type=\"section\">\n\t\t\t\t\t\t<div class=\"elementor-container elementor-column-gap-default\">\n\t\t\t\t\t\t\t<div class=\"elementor-row\">\n\t\t\t\t\t<div class=\"elementor-column elementor-col-100 elementor-top-column elementor-element elementor-element-3ac014c\" data-id=\"3ac014c\" data-element_type=\"column\">\n\t\t\t<div class=\"elementor-column-wrap elementor-element-populated\">\n\t\t\t\t\t\t\t<div class=\"elementor-widget-wrap\">\n\t\t\t\t\t\t<div class=\"elementor-element elementor-element-713117b elementor-widget elementor-widget-heading\" data-id=\"713117b\" data-element_type=\"widget\" data-widget_type=\"heading.default\">\n\t\t\t\t<div class=\"elementor-widget-container\">\n\t\t\t<h4 class=\"elementor-heading-title elementor-size-default\">Eine kontrollierte L\u00fcftung bietet viele Vorteile<\/h4>\t\t<\/div>\n\t\t\t\t<\/div>\n\t\t\t\t\t\t<\/div>\n\t\t\t\t\t<\/div>\n\t\t<\/div>\n\t\t\t\t\t\t\t\t<\/div>\n\t\t\t\t\t<\/div>\n\t\t<\/section>\n\t\t\t\t<section class=\"elementor-section elementor-top-section elementor-element elementor-element-f76833b elementor-section-boxed elementor-section-height-default elementor-section-height-default\" data-id=\"f76833b\" data-element_type=\"section\">\n\t\t\t\t\t\t<div class=\"elementor-container elementor-column-gap-default\">\n\t\t\t\t\t\t\t<div class=\"elementor-row\">\n\t\t\t\t\t<div class=\"elementor-column elementor-col-100 elementor-top-column elementor-element elementor-element-4aff440\" data-id=\"4aff440\" data-element_type=\"column\">\n\t\t\t<div class=\"elementor-column-wrap elementor-element-populated\">\n\t\t\t\t\t\t\t<div class=\"elementor-widget-wrap\">\n\t\t\t\t\t\t<div class=\"elementor-element elementor-element-6be51ea elementor-widget elementor-widget-text-editor\" data-id=\"6be51ea\" data-element_type=\"widget\" data-widget_type=\"text-editor.default\">\n\t\t\t\t<div class=\"elementor-widget-container\">\n\t\t\t\t\t\t\t\t<div class=\"elementor-text-editor elementor-clearfix\">\n\t\t\t\t* Luftqualit\u00e4t<br>\n* Schimmelvermeidung und Feuchteschutz<br>\n* Allergienproblem<br>\n* Keine Energiegewinne verschenken, Heizkosten sparen.<br>\t\t\t\t\t<\/div>\n\t\t\t\t\t\t<\/div>\n\t\t\t\t<\/div>\n\t\t\t\t\t\t<\/div>\n\t\t\t\t\t<\/div>\n\t\t<\/div>\n\t\t\t\t\t\t\t\t<\/div>\n\t\t\t\t\t<\/div>\n\t\t<\/section>\n\t\t\t\t<section class=\"elementor-section elementor-top-section elementor-element elementor-element-6da5cf8 elementor-section-boxed elementor-section-height-default elementor-section-height-default\" data-id=\"6da5cf8\" data-element_type=\"section\">\n\t\t\t\t\t\t<div class=\"elementor-container elementor-column-gap-default\">\n\t\t\t\t\t\t\t<div class=\"elementor-row\">\n\t\t\t\t\t<div class=\"elementor-column elementor-col-50 elementor-top-column elementor-element elementor-element-ccb1764\" data-id=\"ccb1764\" data-element_type=\"column\">\n\t\t\t<div class=\"elementor-column-wrap elementor-element-populated\">\n\t\t\t\t\t\t\t<div class=\"elementor-widget-wrap\">\n\t\t\t\t\t\t<div class=\"elementor-element elementor-element-8261075 elementor-widget elementor-widget-image\" data-id=\"8261075\" data-element_type=\"widget\" data-widget_type=\"image.default\">\n\t\t\t\t<div class=\"elementor-widget-container\">\n\t\t\t\t\t\t\t\t<div class=\"elementor-image\">\n\t\t\t\t\t\t\t\t\t\t\t\t<img decoding=\"async\" loading=\"lazy\" width=\"225\" height=\"169\" src=\"https:\/\/zoellerpartner.de\/wp-content\/uploads\/2019\/06\/kwl.jpg\" class=\"attachment-large size-large\" alt=\"\" \/>\t\t\t\t\t\t\t\t\t\t\t\t\t\t<\/div>\n\t\t\t\t\t\t<\/div>\n\t\t\t\t<\/div>\n\t\t\t\t\t\t<\/div>\n\t\t\t\t\t<\/div>\n\t\t<\/div>\n\t\t\t\t<div class=\"elementor-column elementor-col-50 elementor-top-column elementor-element elementor-element-9c3a3e8\" data-id=\"9c3a3e8\" data-element_type=\"column\">\n\t\t\t<div class=\"elementor-column-wrap\">\n\t\t\t\t\t\t\t<div class=\"elementor-widget-wrap\">\n\t\t\t\t\t\t\t\t<\/div>\n\t\t\t\t\t<\/div>\n\t\t<\/div>\n\t\t\t\t\t\t\t\t<\/div>\n\t\t\t\t\t<\/div>\n\t\t<\/section>\n\t\t\t\t\t\t\t\t\t<\/div>\n\t\t\t<\/div>\n\t\t\t\t\t<\/div>\n\t\t","protected":false},"excerpt":{"rendered":"<p>Kontrollierte Wohnungsfl\u00fcftung Vor der W\u00e4rmeschutzverordnung von 1995 war Wohnungsl\u00fcftung kein Thema. Die Luft konnte gen\u00fcgend zirkulieren durch Fugen und Schlitze, die jedes Haus hatte. Innerhalb des Geb\u00e4udes hatte man allerdings auch keinen Einflu\u00df auf die L\u00fcftungsdauer und die unkontrollierte und passive L\u00fcftung. Die Heizungsw\u00e4rme ging unkontrolliert verloren und die Kosten in die H\u00f6he. Geruchsstoffe und &hellip; <a href=\"https:\/\/zoellerpartner.de\/?page_id=175\" class=\"more-link\"><span class=\"screen-reader-text\">L\u00fcftung<\/span> weiterlesen<\/a><\/p>\n","protected":false},"author":1,"featured_media":0,"parent":0,"menu_order":0,"comment_status":"closed","ping_status":"closed","template":"","meta":{"footnotes":""},"_links":{"self":[{"href":"https:\/\/zoellerpartner.de\/index.php?rest_route=\/wp\/v2\/pages\/175"}],"collection":[{"href":"https:\/\/zoellerpartner.de\/index.php?rest_route=\/wp\/v2\/pages"}],"about":[{"href":"https:\/\/zoellerpartner.de\/index.php?rest_route=\/wp\/v2\/types\/page"}],"author":[{"embeddable":true,"href":"https:\/\/zoellerpartner.de\/index.php?rest_route=\/wp\/v2\/users\/1"}],"replies":[{"embeddable":true,"href":"https:\/\/zoellerpartner.de\/index.php?rest_route=%2Fwp%2Fv2%2Fcomments&post=175"}],"version-history":[{"count":10,"href":"https:\/\/zoellerpartner.de\/index.php?rest_route=\/wp\/v2\/pages\/175\/revisions"}],"predecessor-version":[{"id":188,"href":"https:\/\/zoellerpartner.de\/index.php?rest_route=\/wp\/v2\/pages\/175\/revisions\/188"}],"wp:attachment":[{"href":"https:\/\/zoellerpartner.de\/index.php?rest_route=%2Fwp%2Fv2%2Fmedia&parent=175"}],"curies":[{"name":"wp","href":"https:\/\/api.w.org\/{rel}","templated":true}]}}